{"id":154,"date":"2023-06-20T13:42:24","date_gmt":"2023-06-20T13:42:24","guid":{"rendered":"https:\/\/laughing-turing.176-102-65-245.plesk.page\/?page_id=154"},"modified":"2025-01-02T10:00:17","modified_gmt":"2025-01-02T10:00:17","slug":"radiokoutek-hamshack","status":"publish","type":"page","link":"https:\/\/laughing-turing.176-102-65-245.plesk.page\/?page_id=154","title":{"rendered":"HamShack"},"content":{"rendered":"<p>[et_pb_section fb_built=&#8220;1&#8243; _builder_version=&#8220;4.23.1&#8243; _module_preset=&#8220;default&#8220; background_image=&#8220;https:\/\/laughing-turing.176-102-65-245.plesk.page\/wp-content\/uploads\/2023\/12\/pozadi-hlavicka.jpg&#8220; min_height=&#8220;522px&#8220; height=&#8220;522px&#8220; custom_margin=&#8220;||18px|||&#8220; custom_padding=&#8220;||587px|||&#8220; global_colors_info=&#8220;{}&#8220;][\/et_pb_section][et_pb_section fb_built=&#8220;1&#8243; _builder_version=&#8220;4.21.0&#8243; _module_preset=&#8220;default&#8220; custom_margin=&#8220;-75px||-75px||true|&#8220; custom_padding=&#8220;0px||0px|||&#8220; global_colors_info=&#8220;{}&#8220;][et_pb_row _builder_version=&#8220;4.21.0&#8243; _module_preset=&#8220;default&#8220; global_colors_info=&#8220;{}&#8220;][et_pb_column type=&#8220;4_4&#8243; _builder_version=&#8220;4.21.0&#8243; _module_preset=&#8220;default&#8220; global_colors_info=&#8220;{}&#8220;][et_pb_text _builder_version=&#8220;4.21.0&#8243; _module_preset=&#8220;default&#8220; text_font=&#8220;|800|||||||&#8220; text_text_color=&#8220;#E09900&#8243; text_font_size=&#8220;30px&#8220; global_colors_info=&#8220;{}&#8220;]<\/p>\n<p>HAMSHACK<\/p>\n<p>[\/et_pb_text][et_pb_text _builder_version=&#8220;4.23.1&#8243; _module_preset=&#8220;default&#8220; global_colors_info=&#8220;{}&#8220;][\/et_pb_text][\/et_pb_column][\/et_pb_row][\/et_pb_section][et_pb_section fb_built=&#8220;1&#8243; _builder_version=&#8220;4.21.0&#8243; _module_preset=&#8220;default&#8220; global_colors_info=&#8220;{}&#8220;][et_pb_row _builder_version=&#8220;4.23.1&#8243; _module_preset=&#8220;default&#8220; custom_padding=&#8220;0px|||||&#8220; global_colors_info=&#8220;{}&#8220;][et_pb_column type=&#8220;4_4&#8243; _builder_version=&#8220;4.23.1&#8243; _module_preset=&#8220;default&#8220; global_colors_info=&#8220;{}&#8220;][et_pb_text _builder_version=&#8220;4.23.1&#8243; _module_preset=&#8220;default&#8220; global_colors_info=&#8220;{}&#8220;]<\/p>\n<h2 style=\"text-align: center;\"><strong><span style=\"color: #ff6600;\">QTH Bo\u0161ovice 2023<\/span><\/strong><\/h2>\n<p style=\"text-align: center;\"><span style=\"color: #000000;\"><strong>(aktu\u00e1ln\u011b prob\u00edh\u00e1 rekonstrukce)<\/strong><\/span><\/p>\n<p>[\/et_pb_text][\/et_pb_column][\/et_pb_row][et_pb_row _builder_version=&#8220;4.23.1&#8243; _module_preset=&#8220;default&#8220; global_colors_info=&#8220;{}&#8220;][et_pb_column type=&#8220;4_4&#8243; _builder_version=&#8220;4.23.1&#8243; _module_preset=&#8220;default&#8220; global_colors_info=&#8220;{}&#8220;][et_pb_image src=&#8220;https:\/\/laughing-turing.176-102-65-245.plesk.page\/wp-content\/uploads\/2023\/12\/IMG_7421-scaled.jpg&#8220; alt=&#8220;QTH Bo\u0161ovice 2023&#8243; title_text=&#8220;IMG_7421&#8243; _builder_version=&#8220;4.23.1&#8243; _module_preset=&#8220;default&#8220; global_colors_info=&#8220;{}&#8220;][\/et_pb_image][\/et_pb_column][\/et_pb_row][et_pb_row column_structure=&#8220;1_2,1_2&#8243; _builder_version=&#8220;4.23.1&#8243; _module_preset=&#8220;default&#8220; global_colors_info=&#8220;{}&#8220;][et_pb_column type=&#8220;1_2&#8243; _builder_version=&#8220;4.23.1&#8243; _module_preset=&#8220;default&#8220; global_colors_info=&#8220;{}&#8220;][et_pb_text _builder_version=&#8220;4.23.1&#8243; _module_preset=&#8220;default&#8220; global_colors_info=&#8220;{}&#8220;]<\/p>\n<h2 style=\"text-align: center;\"><span style=\"color: #ff6600;\"><strong>QTH Bo\u0161ovice 2017<\/strong><\/span><\/h2>\n<p style=\"text-align: center;\"><strong>(IC-7300, PA, ANT tuner)<\/strong><\/p>\n<p>[\/et_pb_text][et_pb_image src=&#8220;https:\/\/laughing-turing.176-102-65-245.plesk.page\/wp-content\/uploads\/2023\/12\/ic7300-hamschack-large.jpg&#8220; alt=&#8220;QTH Bo\u0161ovice 2017 (IC-7300, PA, ANT tuner)&#8220; title_text=&#8220;bdr&#8220; align=&#8220;center&#8220; _builder_version=&#8220;4.23.1&#8243; _module_preset=&#8220;default&#8220; global_colors_info=&#8220;{}&#8220;][\/et_pb_image][\/et_pb_column][et_pb_column type=&#8220;1_2&#8243; _builder_version=&#8220;4.23.1&#8243; _module_preset=&#8220;default&#8220; global_colors_info=&#8220;{}&#8220;][et_pb_text _builder_version=&#8220;4.23.1&#8243; _module_preset=&#8220;default&#8220; global_colors_info=&#8220;{}&#8220;]<\/p>\n<h2 style=\"text-align: center;\"><span style=\"color: #ff6600;\"><strong>QTH Bo\u0161ovice 2015<\/strong><\/span><\/h2>\n<p style=\"text-align: center;\"><strong>(YAESU FT1000 MP Mark-V)<\/strong><\/p>\n<p>[\/et_pb_text][et_pb_image src=&#8220;https:\/\/laughing-turing.176-102-65-245.plesk.page\/wp-content\/uploads\/2023\/12\/DSC_0025-1-large.jpg&#8220; alt=&#8220;QTH Bo\u0161ovice (2015 &#8211; YAESU FT1000 MP Mark-V)&#8220; title_text=&#8220;DSC_0025 1-large&#8220; align=&#8220;center&#8220; _builder_version=&#8220;4.23.1&#8243; _module_preset=&#8220;default&#8220; global_colors_info=&#8220;{}&#8220;][\/et_pb_image][\/et_pb_column][\/et_pb_row][et_pb_row _builder_version=&#8220;4.23.1&#8243; _module_preset=&#8220;default&#8220; global_colors_info=&#8220;{}&#8220;][et_pb_column type=&#8220;4_4&#8243; _builder_version=&#8220;4.23.1&#8243; _module_preset=&#8220;default&#8220; global_colors_info=&#8220;{}&#8220;][et_pb_image src=&#8220;https:\/\/laughing-turing.176-102-65-245.plesk.page\/wp-content\/uploads\/2023\/12\/DSC_0020-1-large.jpg&#8220; alt=&#8220;QTH Bo\u0161ovice (2017 &#8211; YAESU FT1000 MP Mark-V)&#8220; title_text=&#8220;DSC_0020 1-large&#8220; align=&#8220;center&#8220; _builder_version=&#8220;4.23.1&#8243; _module_preset=&#8220;default&#8220; global_colors_info=&#8220;{}&#8220;][\/et_pb_image][\/et_pb_column][\/et_pb_row][et_pb_row column_structure=&#8220;1_2,1_2&#8243; _builder_version=&#8220;4.23.1&#8243; _module_preset=&#8220;default&#8220; global_colors_info=&#8220;{}&#8220;][et_pb_column type=&#8220;1_2&#8243; _builder_version=&#8220;4.23.1&#8243; _module_preset=&#8220;default&#8220; global_colors_info=&#8220;{}&#8220;][et_pb_text _builder_version=&#8220;4.23.1&#8243; _module_preset=&#8220;default&#8220; global_colors_info=&#8220;{}&#8220;]<\/p>\n<h2 style=\"text-align: center;\"><span style=\"color: #ff6600;\"><strong>QTH Bo\u0161ovice 2013<\/strong><\/span><\/h2>\n<p style=\"text-align: center;\"><strong>(YAESU FT1000 MP Mark-V)<\/strong><\/p>\n<p>[\/et_pb_text][et_pb_image src=&#8220;https:\/\/laughing-turing.176-102-65-245.plesk.page\/wp-content\/uploads\/2023\/12\/DSCN3485-large.jpg&#8220; alt=&#8220;QTH Bo\u0161ovice (2013 &#8211; YAESU FT1000 MP Mark-V)&#8220; title_text=&#8220;DSCN3485-large&#8220; align=&#8220;center&#8220; _builder_version=&#8220;4.23.1&#8243; _module_preset=&#8220;default&#8220; global_colors_info=&#8220;{}&#8220;][\/et_pb_image][\/et_pb_column][et_pb_column type=&#8220;1_2&#8243; _builder_version=&#8220;4.23.1&#8243; _module_preset=&#8220;default&#8220; global_colors_info=&#8220;{}&#8220;][et_pb_text _builder_version=&#8220;4.23.1&#8243; _module_preset=&#8220;default&#8220; global_colors_info=&#8220;{}&#8220;]<\/p>\n<h2 style=\"text-align: center;\"><span style=\"color: #ff6600;\"><strong>QTH Lelekovice 2010<\/strong><\/span><\/h2>\n<p style=\"text-align: center;\"><strong>(YAESU FT1000 MP Mark-V)<\/strong><\/p>\n<p>[\/et_pb_text][et_pb_image src=&#8220;https:\/\/laughing-turing.176-102-65-245.plesk.page\/wp-content\/uploads\/2023\/12\/slidecb7f63baf5774ab7a99ec5ea137a24a02-large.png&#8220; alt=&#8220;QTH Lelekovice (2010 &#8211; YAESU FT1000 MP Mark-V)&#8220; title_text=&#8220;slidecb7f63baf5774ab7a99ec5ea137a24a02-large&#8220; align=&#8220;center&#8220; _builder_version=&#8220;4.23.1&#8243; _module_preset=&#8220;default&#8220; global_colors_info=&#8220;{}&#8220;][\/et_pb_image][\/et_pb_column][\/et_pb_row][et_pb_row column_structure=&#8220;1_2,1_2&#8243; _builder_version=&#8220;4.23.1&#8243; _module_preset=&#8220;default&#8220; global_colors_info=&#8220;{}&#8220;][et_pb_column type=&#8220;1_2&#8243; _builder_version=&#8220;4.23.1&#8243; _module_preset=&#8220;default&#8220; global_colors_info=&#8220;{}&#8220;][et_pb_text _builder_version=&#8220;4.23.1&#8243; _module_preset=&#8220;default&#8220; global_colors_info=&#8220;{}&#8220;]<\/p>\n<h2 style=\"text-align: center;\"><strong><span style=\"color: #ff6600;\">QTH Lelekovice 2008<\/span><\/strong><\/h2>\n<p style=\"text-align: center;\"><strong>(IC746)<\/strong><\/p>\n<p>[\/et_pb_text][et_pb_image src=&#8220;https:\/\/laughing-turing.176-102-65-245.plesk.page\/wp-content\/uploads\/2023\/12\/slidecb7f63baf5774ab7a99ec5ea137a24a03-large.png&#8220; alt=&#8220;Lelekovice HamShach&#8220; title_text=&#8220;slidecb7f63baf5774ab7a99ec5ea137a24a03-large&#8220; align=&#8220;center&#8220; _builder_version=&#8220;4.23.1&#8243; _module_preset=&#8220;default&#8220; global_colors_info=&#8220;{}&#8220;][\/et_pb_image][\/et_pb_column][et_pb_column type=&#8220;1_2&#8243; _builder_version=&#8220;4.23.1&#8243; _module_preset=&#8220;default&#8220; global_colors_info=&#8220;{}&#8220;][et_pb_text _builder_version=&#8220;4.23.1&#8243; _module_preset=&#8220;default&#8220; global_colors_info=&#8220;{}&#8220;]<\/p>\n<h2 style=\"text-align: center;\"><span style=\"color: #ff6600;\"><strong>QTH Brno-\u0158e\u010dkovice 2006<br \/><\/strong><\/span><\/h2>\n<p style=\"text-align: center;\"><strong>(IC746)<\/strong><\/p>\n<p>[\/et_pb_text][et_pb_image src=&#8220;https:\/\/laughing-turing.176-102-65-245.plesk.page\/wp-content\/uploads\/2023\/12\/slidecb7f63baf5774ab7a99ec5ea137a24a00-large.png&#8220; alt=&#8220;HamShack &#8211; Brno-\u0158e\u010dkovice&#8220; title_text=&#8220;slidecb7f63baf5774ab7a99ec5ea137a24a00-large&#8220; align=&#8220;center&#8220; _builder_version=&#8220;4.23.1&#8243; _module_preset=&#8220;default&#8220; global_colors_info=&#8220;{}&#8220;][\/et_pb_image][\/et_pb_column][\/et_pb_row][\/et_pb_section]<\/p>\n","protected":false},"excerpt":{"rendered":"<p>HAMSHACKQTH Bo\u0161ovice 2023 (aktu\u00e1ln\u011b prob\u00edh\u00e1 rekonstrukce)QTH Bo\u0161ovice 2017 (IC-7300, PA, ANT tuner)QTH Bo\u0161ovice 2015 (YAESU FT1000 MP Mark-V)QTH Bo\u0161ovice 2013 (YAESU FT1000 MP Mark-V)QTH Lelekovice 2010 (YAESU FT1000 MP Mark-V)QTH Lelekovice 2008 (IC746)QTH Brno-\u0158e\u010dkovice 2006 (IC746)<\/p>\n","protected":false},"author":1,"featured_media":0,"parent":0,"menu_order":0,"comment_status":"closed","ping_status":"closed","template":"","meta":{"_et_pb_use_builder":"on","_et_pb_old_content":"","_et_gb_content_width":"","footnotes":""},"class_list":["post-154","page","type-page","status-publish","hentry"],"_links":{"self":[{"href":"https:\/\/laughing-turing.176-102-65-245.plesk.page\/index.php?rest_route=\/wp\/v2\/pages\/154","targetHints":{"allow":["GET"]}}],"collection":[{"href":"https:\/\/laughing-turing.176-102-65-245.plesk.page\/index.php?rest_route=\/wp\/v2\/pages"}],"about":[{"href":"https:\/\/laughing-turing.176-102-65-245.plesk.page\/index.php?rest_route=\/wp\/v2\/types\/page"}],"author":[{"embeddable":true,"href":"https:\/\/laughing-turing.176-102-65-245.plesk.page\/index.php?rest_route=\/wp\/v2\/users\/1"}],"replies":[{"embeddable":true,"href":"https:\/\/laughing-turing.176-102-65-245.plesk.page\/index.php?rest_route=%2Fwp%2Fv2%2Fcomments&post=154"}],"version-history":[{"count":5,"href":"https:\/\/laughing-turing.176-102-65-245.plesk.page\/index.php?rest_route=\/wp\/v2\/pages\/154\/revisions"}],"predecessor-version":[{"id":201,"href":"https:\/\/laughing-turing.176-102-65-245.plesk.page\/index.php?rest_route=\/wp\/v2\/pages\/154\/revisions\/201"}],"wp:attachment":[{"href":"https:\/\/laughing-turing.176-102-65-245.plesk.page\/index.php?rest_route=%2Fwp%2Fv2%2Fmedia&parent=154"}],"curies":[{"name":"wp","href":"https:\/\/api.w.org\/{rel}","templated":true}]}}